*y + 2*c + 34 - 65, -26 = -4*y - c. Calculate the highest common divisor of p and y.
7
Suppose 5 = n, 0 = 2*c - 3*c + 5*n - 13. Let p be (-36)/c - 17*-1. Let x be (28/10)/(2/10). What is the greatest common divisor of p and x?
14
Let l = 22 - 14. Suppose l = 2*y - y. Let v = 21 + -5. Calculate the highest common factor of v and y.
8
Let f = 42 - 15. Suppose 6*b - f = 3*b. Let p = -5 + b. Calculate the highest common divisor of 1 and p.
1
Suppose -4*d + 2*d = 0. Suppose d = 3*c + 2*c - 60. What is the greatest common factor of 6 and c?
6
Let v(k) = -k**2 + 6*k + 7. Let q be v(7). Suppose -2*h + h + 88 = q. What is the greatest common divisor of 11 and h?
11
Suppose -12*t = -16*t + 16. Let w(q) = -10*q - 5. Let b be w(-5). Suppose 2*y + t*o = 5*y - b, 21 = 3*y + 4*o. What is the highest common divisor of 121 and y?
11
Let o(t) = 2*t - 18. Let x be o(12). Calculate the highest common divisor of x and 6.
6
Let z(t) = t**2 - 2*t + 3. Let p be z(2). Let i be ((-34)/3)/((-6)/9). Suppose -q + 4*r + 2 = -i, 0 = -2*r - 8. Calculate the highest common divisor of q and p.
3
Let y(w) = w**3 + 5*w**2 - 2*w - 7. Let t be y(-5). What is the greatest common factor of t and 9?
3
Let r = -146 + 169. Calculate the greatest common divisor of r and 253.
23
Let w(h) = 2*h**3 - 5*h**2 + 3*h - 3. Let p be w(3). What is the highest common factor of 45 and p?
15
Let x(u) = -2*u**2 + 2*u + 2. Let k be x(-2). Let d be ((-5)/k)/((-2)/(-4)). What is the highest common factor of 7 and d?
1
Let i(h) = h - 3*h**2 + 6*h**2 - h**2 - 3 - 5. Let p be i(4). Calculate the highest common factor of p and 7.
7
Let w = 13 + -11. Calculate the greatest common factor of 3 and w.
1
Suppose -5 = -4*h - 1. Let q be h - (4 - 3)*-2. Suppose -3*r + 7 = w, r - 4*w - 1 + 3 = 0. Calculate the greatest common divisor of r and q.
1
Suppose 3*u + 17 = 4*m, -5*m = -u - 7 - 6. Suppose 2*y - 40 = -m*d, y - d = -0*d + 12. What is the highest common factor of y and 16?
16
Suppose 0 = -3*s + 4*v + 4, 4*s + 3*v - 44 - 3 = 0. What is the highest common factor of 8 and s?
8
Suppose -2*w + 4*m = -38, 5*w - 39 = -m - 3*m. Suppose -4*g + f + 2*f = -7, -w = g - 5*f. Let v be (0 + 1)*16/1. What is the highest common divisor of g and v?
4
Let h = 60 - 134. Let i be 0 + -2 + h/(-2). Suppose 4*u = -4*r + 25 - 1, -4*r - 3*u = -23. Calculate the greatest common divisor of i and r.
5
Let j = -6 - -11. Let b = j + -3. What is the highest common divisor of 16 and b?
2
Suppose -2*p - 53 = -3*y, 0 = -2*y + 7*y + 4*p - 81. Let f be -1 + 0 + 86*1. What is the greatest common divisor of y and f?
17
Suppose 4*h - 3*p = 24, 2*p = -4*h + 3*p + 32. What is the highest common divisor of h and 117?
9
Let n(b) = b**2 - 13*b - 14. Let m be n(14). Suppose 3*w + 2*s - 16 = m, 2 = 2*s + 10. What is the highest common factor of 8 and w?
8
Let w(m) = -72*m. Let j be w(-1). Let o(t) be the first derivative of 8*t**3/3 + t + 4. Let z be o(1). Calculate the greatest common factor of j and z.
9
Let n = 0 - -3. What is the highest common factor of 1 and n?
1
Let z = 245 + -242. Let r = -13 + 21. Let c be 2/r + 3/4. What is the highest common divisor of c and z?
1
Let v(p) = p**2 - 3*p + 3. Let s be v(3). Let z be (-2*110)/(2/(-4)). Let y be ((-6)/10)/((-8)/z). Calculate the highest common divisor of s and y.
3
Suppose 0 = -4*g + g - 3. Let m = g - 4. Let t = m + 12. What is the greatest common divisor of t and 1?
1
Let m(a) be the first derivative of 0*a**2 + 3*a**3 - 3 - 1/4*a**4 + 12*a. Let w be m(9). What is the highest common divisor of 84 and w?
12
Suppose -9*o + 317 + 277 = 0. What is the highest common divisor of o and 165?
33
Let x = 304 - 144. Calculate the greatest common factor of 32 and x.
32
Let f = 88 - 82. What is the highest common factor of f and 3?
3
Let z be -3 + 0 - (-17)/(-3 + 4). What is the highest common factor of z and 14?
14
Suppose -2*q = -4*f - 34, 4*f - 28 = -4*q + 28. Let l = -2 - 4. Let m be ((-30)/(-9))/(l/(-27)). Calculate the greatest common factor of q and m.
15
Let q = -5 + 13. Suppose 5*y = q*y - 33. What is the greatest common factor of y and 121?
11
Let c be (0 - 16)*(0 - (-5)/(-10)). What is the highest common divisor of c and 136?
8
Let c(l) = -l**2 + l + 12. Suppose 2*x + 0*x = 0. Let i be c(x). Calculate the highest common divisor of i and 36.
12
Let o(r) = -r**2 - r + 1. Let a be o(-1). Calculate the greatest common divisor of 5 and a.
1
Suppose 3*t - 8 = 2*t. Let p be (-2)/6 + 985/3. Suppose 0 = -5*s + 112 + p. What is the greatest common divisor of s and t?
8
Let b(a) = a - 6. Let r be b(9). Suppose 2*z - 16 = -s, 2*s + 19 - r = 4*z. Suppose -21 - 39 = -5*i. What is the greatest common divisor of z and i?
6
Let r(t) = t**2 + 7*t - 5. Let i be r(-8). Suppose 0 = -i*f - 1 + 7. Calculate the greatest common factor of f and 2.
2
Let i = 148 + -100. Let g(z) = z**2 + 4. Let k be g(0). Suppose -k*d - o + 24 = 0, -5*d = -5*o - 0*o - 30. Calculate the highest common factor of d and i.
6
Let w be (-1)/1 + 3 - 5. Let b be 1*(4 + w + 120). What is the greatest common divisor of b and 11?
11
Let d(f) = f**2 - 5*f + 5. Let q be d(5). Calculate the highest common factor of q and 10.
5
Suppose -3*l + 24 = -l. Let d = -100 + 174. Suppose 4*q + y - d = q, 5*q + 4*y - 128 = 0. Calculate the highest common factor of l and q.
12
Let n(s) = -s**2 - 8*s - 5. Let i be n(-7). Suppose 2*w - 72 = -i. Calculate the highest common factor of w and 7.
7
Suppose -2*f = -6*f + 60. Calculate the greatest common divisor of f and 5.
5
Let k be (-1 + -11)*(-5)/3. Suppose 3*p + 4 = 2*p. Let q be 1136/56 - p/(-14). What is the highest common divisor of k and q?
20
Suppose 4*j = -w + 6*j + 20, 0 = -3*j - 12. Let y = -17 - -23. What is the highest common divisor of y and w?
6
Suppose 0 = -4*i + 6 + 6. Let g be (i + 1 + -2)*4. Let h be 40/6*36/g. What is the highest common factor of 12 and h?
6
Suppose -10*o + 6*o + 120 = 0. What is the highest common divisor of o and 20?
10
Let q = -9 - -16. Suppose 0 = -5*t + 8 - 3. What is the greatest common divisor of t and q?
1
Suppose 2*k - 82 = -3*n, 5*k = -3*n + 2*k + 81. What is the highest common factor of 42 and n?
14
Let j(x) = x**3 - 4*x**2 + 3*x + 3. Let n be j(4). Suppose 0*l - 2*l + 6 = 0. Suppose l*u = 8 + 22. Calculate the greatest common divisor of n and u.
5
Let h(i) = i**2 - 5*i + 4. Let y be h(6). Calculate the greatest common divisor of 110 and y.
10
Let j = 43 + -42. What is the greatest common divisor of j and 9?
1
Let c be (-3)/(18/87)*-2. What is the highest common divisor of 203 and c?
29
Let u(d) = -10*d - 24. Let r be u(-5). What is the greatest common factor of 26 and r?
26
Let q(m) = 6*m + 14. Let r be q(17). Let l = r + -36. Calculate the highest common divisor of l and 32.
16
Let p = 0 + 6. Let l = 2 - 0. Let s be 1022/21 - l/3. Calculate the greatest common factor of p and s.
6
Suppose 0 = 4*j - 2*j - 8. Suppose -n = j*o - 399, 3*o + 2*n - 387 = -89. Calculate the greatest common divisor of 40 and o.
20
Suppose 5*f = 0, -3*i - f + 0 - 3 = 0. Let h = 1 + i. Suppose h = -5*s - 30 + 100. What is the greatest common factor of s and 7?
7
Let c(i) = i**2 + 6*i - 2. Let b be c(-8). Calculate the highest common factor of 14 and b.
14
Let n be 1 + 82 + (4/(-2) - 1). Calculate the greatest common divisor of 10 and n.
10
Let x = 280 + -158. Suppose x = 3*u - u. Suppose 2*b + u = 3*w, w - 2*b - 27 = -0*b. Calculate the greatest common divisor of w and 119.
17
Let n = 83 - -7. Suppose -h + 4*u + 48 = 0, h - 28*u + 26*u = 42. What is the highest common factor of h and n?
18
Let t(r) = -r**2 + 7*r - 4. Let o be ((-9)/6)/((-1)/4). Let z be t(o). Suppose 6 + z = 4*x. What is the greatest common factor of x and 2?
2
Suppose -7*d + 720 = 3*d. What is the greatest common factor of d and 8?
8
Let l be ((-621)/(-4))/((-21)/56). Let y = -238 - l. Calculate the greatest common factor of 16 and y.
16
Let j(v) = v**3 - 7*v**2 + 7*v - 4. Let d be j(6). Suppose -o = -d*l - 117, -2*o = 3*o - l - 603. What is the highest common divisor of 11 and o?
11
Let y be 54/(-4)*10/(-15). Suppose 0 = 4*g - 3*a - 3, -4*g + a = 3*a - 18. Suppose g*p = 11 - 2. Calculate the greatest common divisor of p and y.
3
Suppose 4*h = 4*q + 56, 0*h - 46 = -3*h + q. What is the greatest common divisor of h and 40?
8
Let